d by 11.
7
Let j(c) = 99*c**2 - 96*c + 1. What is the remainder when 212 is divided by j(2)?
7
Let t(i) = -6 + 23 - 21 - 21*i. What is the remainder when 22 is divided by t(-1)?
5
Let a(o) = 6*o**2 - 206*o - 133. Calculate the remainder when 751 is divided by a(35).
2
Suppose 4*s + 975 = -5*d - 2514, 2*s - 2*d = -1758. Let z = -807 - s. What is the remainder when 267 is divided by z?
60
Let r = -1 - -61. Let j = -12 - 22. Let m = j + r. What is the remainder when m is divided by 7?
5
Let r be 12/(-10)*5/3*-1. Suppose 0 = r*h - 14 + 20. Calculate the remainder when 6 is divided by ((-32)/48)/(1/h).
0
Let u(p) = 365*p + 7560. What is the remainder when 4948 is divided by u(-20)?
8
Let s be 3074/6 - 1/3. Calculate the remainder when 247 is divided by ((-6)/12)/((-8)/s).
23
Suppose -141 = -a - 3*p - 41, 0 = 5*a + 3*p - 488. What is the remainder when a is divided by 31?
4
Suppose 105*y - 109*y + 6864 = 0. Suppose 89*i - y = 78*i. Calculate the remainder when i is divided by 4.
0
Let j(a) = -a**3 + 9*a**2 - 3*a + 9. Suppose 4 = -4*i, -29*h - 334 = -28*h - i. Let r = 361 + h. Calculate the remainder when j(8) is divided by r.
23
Let w = 183 + -40. Let f be (-92)/9 - 10/(-45). Let q(u) = u**2 + 7*u - 6. What is the remainder when w is divided by q(f)?
23
Let t = -20 - -12. Let m = 9 + t. Calculate the remainder when 18 is divided by m + (4 - 2 - -7).
8
Let q(z) = -2*z - 1. Let i = -224 + 232. Calculate the remainder when (26/i)/(16/64) is divided by q(-4).
6
Let l be (0 + 2 + -4)/((-6)/(-357)). Let h = l - -381. What is the remainder when h is divided by 11056/208 + (-2)/13?
50
Suppose -4*q + 14 = -2*j - j, q - 8 = 3*j. Let h be 16/(-6)*((5 - q) + 3). Calculate the remainder when 978/16*1 - (-2)/h is divided by 31.
30
Suppose -2*b = -n - 33, 8*b - 67 = 4*b + 3*n. Calculate the remainder when 23 is divided by b.
7
Suppose 5*g - 2*c = 41, 2*g + 2*c = 7*c + 29. Let i = g + -20. What is the remainder when 11*5 + (i - -5 - -4) is divided by 13?
12
Let a be 36*(-15)/9*-1. Suppose a*s = 72*s - 180. Calculate the remainder when 16 is divided by s.
1
Let l(n) = 2*n**3 + 2*n**2 - 27*n - 7. Let x be l(-4). Suppose -3*w + 78 = 4*c - 0*w, x*c = -w + 103. Calculate the remainder when 125 is divided by c.
20
Let b = -3889 + 4737. What is the remainder when b is divided by 14?
8
Suppose 0 = 3*x - 153 + 6. Suppose -22 = 3*t - 4*w, -14*t - 2 = -17*t - 2*w. Calculate the remainder when x is divided by (12/(-36))/(t/102).
15
Suppose -t - 50 = -3*g, -5*g + 29 = -2*t - 53. What is the remainder when 367 is divided by 26/(-117) - ((-436)/g + 1)?
22
Suppose 0 = -3*j - 3*y + 360, -5*j + 10*y = 14*y - 606. What is the remainder when j is divided by 2?
0
Let r = 129 + -55. Calculate the remainder when 28 is divided by 333/r*3/(54/20).
3
Suppose -142*p + 206*p - 40448 = 0. Calculate the remainder when p is divided by 89.
9
Let r(h) = -12*h - 26. Let x = 24 - 29. Let l = -77 + 210. What is the remainder when l is divided by r(x)?
31
Suppose 23*l - 22*l = 107. What is the remainder when l is divided by (-520)/(14 + -22) + -10?
52
Let f be (4/(-6))/((-12)/36). Suppose 0 = 2*w - 2, 5*w - 24 = -r. Calculate the remainder when r is divided by ((-7)/(28/32))/f + 20.
3
Suppose 144*t - 175 = 137*t. Calculate the remainder when t is divided by 6.
1
Suppose 5*s = v - 56, 31*v + 3*s = 26*v + 420. What is the remainder when 299 is divided by v?
56
Let g = 27069 - 25271. What is the remainder when g is divided by 66?
16
Let n = 0 + -4. Suppose 0 = 12*v - 8*v - 48. Calculate the remainder when (-515)/(-9) - n/(-18) is divided by v.
9
Let s = 28132 + -27365. Calculate the remainder when s is divided by 162.
119
Let g = -62 - -184. Suppose 4*c - 110 = -g, -5*c - 70 = -w. Calculate the remainder when w is divided by 14.
13
Let h(w) = 3*w**3 + 6*w**2 + 2*w + 4. Let t be h(-2). Suppose -8*o + 47 + 217 = t. Calculate the remainder when o is divided by 13.
7
Let g be 60/18*48/(-10). Let u be g/(-10) + (-38)/(-95). Suppose 36 = u*k + k. Calculate the remainder when 44 is divided by k.
8
Let b be (12/10)/(54/900). Suppose 0 = j - 2*q - 76, -24*q - 20 = -b*q. Calculate the remainder when j is divided by 52.
14
Let v = 1510 + -159. Suppose -158*r + v = -151*r. What is the remainder when r is divided by 39?
37
Let v(r) = r**2 - 9*r - 18. Let m be v(6). Let w = m - -101. Let g = 31 - 9. What is the remainder when w is divided by g?
21
Let p = 123 + -147. Calculate the remainder when (-6366)/p + 6 + (-6)/(-8) is divided by 55.
52
Suppose -6*d + 2 + 46 = 0. Suppose 0 = -x - 2*h, 0 = 3*x + 6*h - h - 2. Suppose -204 = -d*o + x*o. Calculate the remainder when o is divided by 6.
3
Let p = -713 - -708. Let s(w) = -36*w - 140. Let h(n) = 6*n - 5. Calculate the remainder when s(p) is divided by h(6).
9
Let b(o) = -o**2 + 32*o - 53. Let l be b(17). Suppose -12*u - 67 = -14*u + 3*d, 5*u + 4*d = l. Calculate the remainder when 75 is divided by u.
37
Let r(b) = -3*b - 6. Let g(h) = -h. Let d(v) = -4*g(v) + r(v). Let q be d(11). Suppose 3*a = q*a - 24. Calculate the remainder when 35 is divided by a.
11
Let k(o) = -2*o + 6 - 37 + 2 + 11. Let j be k(-4). Let x = 34 - j. What is the remainder when x is divided by 12?
8
Let b(i) = 66*i**3 - 6*i**2 + i - 2. Let k(f) = -197*f**3 + 17*f**2 - 3*f + 5. Let l(x) = -8*b(x) - 3*k(x). What is the remainder when l(1) is divided by 15?
2
Let k(b) = 2*b**3 + 15*b**2 - b - 12. Let x be k(-9). What is the remainder when -2 - 0/1 - x/3 is divided by 48?
32
Let d(p) = -3*p**3 - 142*p**2 + 95*p - 41. What is the remainder when 68 is divided by d(-48)?
5
Let d = 14419 - 13467. What is the remainder when d is divided by 79?
4
Suppose 25*k - 1677 = 21*k + 3*i, 3*i = k - 426. Calculate the remainder when k is divided by 101.
13
Let g be (-2898)/90 + (-2)/(-10). Let t = -33 - g. What is the remainder when 66 is divided by (4 + -6 - 15)*t?
15
Let s(t) = -t**2 - 5*t + 3. Let q be s(-5). Suppose 5*d - 5 = 0, -2*a = -q*d + 69 - 276. Let o = -1167 - -1179. Calculate the remainder when a is divided by o.
9
Let p be (4/6)/((-1)/159). Let q = 119 + p. Calculate the remainder when 76 is divided by q.
11
Suppose -448 = 7*d - 469. Suppose -12*q + 16*q = -d*x + 55, 0 = 2*q + 4. What is the remainder when x is divided by 6?
3
Suppose 2*f = -2*m + 2 + 6, -2*m = -2*f - 16. Suppose 2*z - 42 = -m*t + 2*t, 4*t = -5*z + 87. Calculate the remainder when -5*798/(-35) + 5 is divided by z.
14
Let x = 458 - 309. Let t(l) = -l**3 + 77*l**2 + 233*l + 601. What is the remainder when x is divided by t(80)?
26
Suppose 0 = -x + 3*k - 1 + 10, 5*x - 3*k - 57 = 0. Let d be (x/20*2)/((-6)/(-20)). Suppose d = 4*o - 136. Calculate the remainder when o is divided by 4.
3
Let p(m) = m**3 - 5*m**2 + m. Suppose -3*z - v + 5 = v, 0 = 5*z + 3*v - 10. What is the remainder when 1/5 - ((-846)/45 - -2) is divided by p(z)?
2
Suppose -3*t = 5*q - 20, -t - 7*q + 6 = -6*q. What is the remainder when 3822 is divided by t?
2
Suppose -221 = 7*y - 6*y - 3*r, -4*y - 5*r = 867. Let a = y - -257. Calculate the remainder when 149 is divided by a.
32
Let h = -10303 + 10320. Let c(b) be the second derivative of -b**4/12 + 10*b**3/3 - 14*b**2 + b. What is the remainder when 40 is divided by c(h)?
17
Let r(c) = 12*c + 9*c**2 - 21*c + 6*c. Let k = 17 - 8. Calculate the remainder when r(2) is divided by k.
3
Calculate the remainder when 201 is divided by 39*35/135*9.
19
Let v(p) = 15*p**3 - 25*p**2 + 25*p + 2. Calculate the remainder when 77 is divided by v(2).
5
Suppose 0 = -64*d + 56*d + 424. Calculate the remainder when 2383 is divided by d.
51
Suppose 1843 - 1822 = z. Let g(u) = u**3 + 11*u**2 + 3*u - 14. What is the remainder when g(-9) is divided by z?
16
Let a(v) = 9*v**3 + 2*v**2 + 4*v - 24. What is the remainder when 5630 is divided by a(2)?
62
Suppose -4*a = 7*a + 11*a. Let y(g) = -4*g + 5*g + 24 - g**3 + 2*g**3 - g**2. What is the remainder when y(a) is divided by 9?
6
Let f = 958 + -626. Let k(x) = 33*x - 1891. What is the remainder when f is divided by k(59)?
52
Suppose 6*o - 220 = 8. Let r = o + -26. Calculate the remainder when 31 is divided by r.
7
Suppose 16*d - 5303 - 7161 = 0. Calculate the remainder when d is divided by 12.
11
Suppose 0 = -115*g + 92*g + 6279. Calculate the remainder when g is divided by 22.
9
Suppose -109*d + 289